{"id":208,"date":"2021-05-11T07:27:22","date_gmt":"2021-05-11T05:27:22","guid":{"rendered":"https:\/\/calandretapamiers.wordpress.com\/?page_id=208"},"modified":"2021-05-11T07:27:22","modified_gmt":"2021-05-11T05:27:22","slug":"lecole-calandreta","status":"publish","type":"page","link":"https:\/\/www.calandreta-pamias.fr\/?page_id=208","title":{"rendered":"L&rsquo;\u00e9cole Calandreta"},"content":{"rendered":"\n<div class=\"wp-block-group alignfull\"><div class=\"wp-block-group__inner-container is-layout-flow wp-block-group-is-layout-flow\">\n<div class=\"wp-block-jetpack-layout-grid alignfull column1-desktop-grid__span-12 column1-desktop-grid__row-1 column1-tablet-grid__span-8 column1-tablet-grid__row-1 column1-mobile-grid__span-4 column1-mobile-grid__row-1\">\n<div class=\"wp-block-jetpack-layout-grid-column wp-block-jetpack-layout-grid__padding-none\">\n<div class=\"wp-block-jetpack-slideshow aligncenter\" data-effect=\"slide\"><div class=\"wp-block-jetpack-slideshow_container swiper-container\"><ul class=\"wp-block-jetpack-slideshow_swiper-wrapper swiper-wrapper\"><li class=\"wp-block-jetpack-slideshow_slide swiper-slide\"><figure><img decoding=\"async\" alt=\"\" class=\"wp-block-jetpack-slideshow_image wp-image-190\" data-id=\"190\" src=\"https:\/\/calandreta.sytes.net\/wordpress\/wp-content\/uploads\/2021\/05\/dsc00291-2-1.jpg\" \/><\/figure><\/li><li class=\"wp-block-jetpack-slideshow_slide swiper-slide\"><figure><img decoding=\"async\" alt=\"\" class=\"wp-block-jetpack-slideshow_image wp-image-191\" data-id=\"191\" src=\"https:\/\/calandreta.sytes.net\/wordpress\/wp-content\/uploads\/2021\/05\/dsc00273-1-1.jpg\" \/><\/figure><\/li><li class=\"wp-block-jetpack-slideshow_slide swiper-slide\"><figure><img decoding=\"async\" alt=\"\" class=\"wp-block-jetpack-slideshow_image wp-image-193\" data-id=\"193\" src=\"https:\/\/calandreta.sytes.net\/wordpress\/wp-content\/uploads\/2021\/05\/dsc00290-1-1.jpg\" \/><\/figure><\/li><li class=\"wp-block-jetpack-slideshow_slide swiper-slide\"><figure><img decoding=\"async\" alt=\"\" class=\"wp-block-jetpack-slideshow_image wp-image-195\" data-id=\"195\" src=\"https:\/\/calandreta.sytes.net\/wordpress\/wp-content\/uploads\/2021\/05\/dsc00301-1-1.jpg\" \/><\/figure><\/li><li class=\"wp-block-jetpack-slideshow_slide swiper-slide\"><figure><img decoding=\"async\" alt=\"\" class=\"wp-block-jetpack-slideshow_image wp-image-196\" data-id=\"196\" src=\"https:\/\/calandreta.sytes.net\/wordpress\/wp-content\/uploads\/2021\/05\/dsc00519-2-1.jpg\" \/><\/figure><\/li><\/ul><a class=\"wp-block-jetpack-slideshow_button-prev swiper-button-prev swiper-button-white\" role=\"button\"><\/a><a class=\"wp-block-jetpack-slideshow_button-next swiper-button-next swiper-button-white\" role=\"button\"><\/a><a aria-label=\"Pause Slideshow\" class=\"wp-block-jetpack-slideshow_button-pause\" role=\"button\"><\/a><div class=\"wp-block-jetpack-slideshow_pagination swiper-pagination swiper-pagination-white\"><\/div><\/div><\/div>\n<\/div>\n<\/div>\n<\/div><\/div>\n\n\n\n<div class=\"wp-block-group alignfull\"><div class=\"wp-block-group__inner-container is-layout-flow wp-block-group-is-layout-flow\">\n<div style=\"height:32px;\" aria-hidden=\"true\" class=\"wp-block-spacer\"><\/div>\n\n\n\n<div class=\"wp-block-jetpack-layout-grid alignfull column1-desktop-grid__span-11 column1-desktop-grid__start-2 column1-desktop-grid__row-1 column1-tablet-grid__span-8 column1-tablet-grid__row-1 column1-mobile-grid__span-4 column1-mobile-grid__row-1\">\n<div class=\"wp-block-jetpack-layout-grid-column wp-block-jetpack-layout-grid__padding-none\">\n<p style=\"font-size:36px;\">Visitez notre \u00e9cole, situ\u00e9e aux abords de Pamiers, elle accueille actuellement 70 enfants, elle propose les infrastructures utiles \u00e0 l&rsquo;\u00e9panouissement et \u00e0 l&rsquo;acquisition des connaissances.<\/p>\n<\/div>\n<\/div>\n\n\n\n<div style=\"height:64px;\" aria-hidden=\"true\" class=\"wp-block-spacer\"><\/div>\n<\/div><\/div>\n\n\n\n<div class=\"wp-block-group alignfull\"><div class=\"wp-block-group__inner-container is-layout-flow wp-block-group-is-layout-flow\">\n<div class=\"wp-block-jetpack-layout-grid alignfull column1-desktop-grid__span-10 column1-desktop-grid__start-3 column1-desktop-grid__row-1 column1-tablet-grid__span-8 column1-tablet-grid__row-1 column1-mobile-grid__span-4 column1-mobile-grid__row-1\">\n<div class=\"wp-block-jetpack-layout-grid-column wp-block-jetpack-layout-grid__padding-none\">\n<div class=\"wp-block-media-text alignwide is-stacked-on-mobile\"><figure class=\"wp-block-media-text__media\"><img decoding=\"async\" src=\"https:\/\/calandreta.sytes.net\/wordpress\/wp-content\/uploads\/2021\/05\/dsc00363-1.jpg?w=750\" alt=\"\" class=\"wp-image-90 size-full\" \/><\/figure><div class=\"wp-block-media-text__content\">\n<p><\/p>\n\n\n\n<p><\/p>\n\n\n\n<p class=\"has-large-font-size\"><strong>3 cycles d&rsquo;enseignement<\/strong><\/p>\n\n\n\n<p>De la 1\u00e8re ann\u00e9e de maternelle au CM2, l&rsquo;\u00e9cole accueille les enfants, r\u00e9partis en 3 classes multiniveaux.<br>Les \u00e9l\u00e8ves ont classe 4 jours par semaine, de 9h00 \u00e0 12h00 et de 13h45 \u00e0 16h45.<\/p>\n\n\n\n<div class=\"wp-block-buttons is-layout-flex wp-block-buttons-is-layout-flex\"><\/div>\n<\/div><\/div>\n<\/div>\n<\/div>\n\n\n\n<div style=\"height:64px;\" aria-hidden=\"true\" class=\"wp-block-spacer\"><\/div>\n<\/div><\/div>\n\n\n\n<div class=\"wp-block-group alignfull\"><div class=\"wp-block-group__inner-container is-layout-flow wp-block-group-is-layout-flow\">\n<div class=\"wp-block-jetpack-layout-grid alignfull column1-desktop-grid__span-10 column1-desktop-grid__start-3 column1-desktop-grid__row-1 column1-tablet-grid__span-8 column1-tablet-grid__row-1 column1-mobile-grid__span-4 column1-mobile-grid__row-1\">\n<div class=\"wp-block-jetpack-layout-grid-column wp-block-jetpack-layout-grid__padding-none\">\n<div class=\"wp-block-media-text alignwide has-media-on-the-right is-stacked-on-mobile\" style=\"grid-template-columns:auto 56%;\"><figure class=\"wp-block-media-text__media\"><img decoding=\"async\" src=\"https:\/\/calandreta.sytes.net\/wordpress\/wp-content\/uploads\/2021\/05\/dsc00464-1.jpg?w=750\" alt=\"\" class=\"wp-image-96 size-full\" \/><\/figure><div class=\"wp-block-media-text__content\">\n<p class=\"has-large-font-size\"><strong>L&rsquo;accueil \u00e9ducatif<\/strong><\/p>\n\n\n\n<p>La garderie est ouverte de 07h30 \u00e0 09h00, avant le d\u00e9marrage de la classe. <br>Le soir, les enfants sont accompagn\u00e9s entre jeux et activit\u00e9s, de 16h45 jusqu&rsquo;\u00e0 18h30.<br>Les temps p\u00e9riscolaires sont tenus par des animatrices.<\/p>\n\n\n\n<div class=\"wp-block-buttons is-layout-flex wp-block-buttons-is-layout-flex\"><\/div>\n<\/div><\/div>\n<\/div>\n<\/div>\n\n\n\n<div style=\"height:64px;\" aria-hidden=\"true\" class=\"wp-block-spacer\"><\/div>\n<\/div><\/div>\n\n\n\n<div class=\"wp-block-group alignfull\"><div class=\"wp-block-group__inner-container is-layout-flow wp-block-group-is-layout-flow\">\n<div class=\"wp-block-jetpack-layout-grid alignfull column1-desktop-grid__span-10 column1-desktop-grid__start-3 column1-desktop-grid__row-1 column1-tablet-grid__span-8 column1-tablet-grid__row-1 column1-mobile-grid__span-4 column1-mobile-grid__row-1\">\n<div class=\"wp-block-jetpack-layout-grid-column wp-block-jetpack-layout-grid__padding-none\">\n<div style=\"height:20px;\" aria-hidden=\"true\" class=\"wp-block-spacer\"><\/div>\n\n\n\n<div class=\"wp-block-media-text alignwide is-stacked-on-mobile\"><figure class=\"wp-block-media-text__media\"><img decoding=\"async\" src=\"https:\/\/calandreta.sytes.net\/wordpress\/wp-content\/uploads\/2021\/05\/dsc00308-1-1.jpg?w=750\" alt=\"\" class=\"wp-image-173 size-full\" \/><\/figure><div class=\"wp-block-media-text__content\">\n<p class=\"has-large-font-size\"><strong>Les programmes scolaires<\/strong><\/p>\n\n\n\n<p>La Calandreta est une \u00e9cole occitane, associative, priv\u00e9e sous contrat avec l\u2019\u00c9tat. Elle est la\u00efque et assure un service public d\u2019\u00e9ducation. Elle est g\u00e9r\u00e9e par une association loi 1901. Elle suit les programmes de l\u2019Education Nationale. Elle utilise une m\u00e9thode en immersion linguistique, d\u00e8s la maternelle. Elle utilise des p\u00e9dagogies actives privil\u00e9giant l\u2019ouverture sur l\u2019ext\u00e9rieur, la responsabilit\u00e9 et l\u2019autonomie des \u00e9l\u00e8ves.<\/p>\n<\/div><\/div>\n\n\n\n<p><\/p>\n<\/div>\n<\/div>\n\n\n\n<div style=\"height:96px;\" aria-hidden=\"true\" class=\"wp-block-spacer\"><\/div>\n<\/div><\/div>\n\n\n\n<div class=\"wp-block-group alignfull has-background-light-background-color has-background\"><div class=\"wp-block-group__inner-container is-layout-flow wp-block-group-is-layout-flow\">\n<div style=\"height:32px;\" aria-hidden=\"true\" class=\"wp-block-spacer\"><\/div>\n<\/div><\/div>\n","protected":false},"excerpt":{"rendered":"","protected":false},"author":1,"featured_media":0,"parent":0,"menu_order":0,"comment_status":"closed","ping_status":"closed","template":"","meta":{"footnotes":""},"class_list":["post-208","page","type-page","status-publish","hentry","entry"],"_links":{"self":[{"href":"https:\/\/www.calandreta-pamias.fr\/index.php?rest_route=\/wp\/v2\/pages\/208","targetHints":{"allow":["GET"]}}],"collection":[{"href":"https:\/\/www.calandreta-pamias.fr\/index.php?rest_route=\/wp\/v2\/pages"}],"about":[{"href":"https:\/\/www.calandreta-pamias.fr\/index.php?rest_route=\/wp\/v2\/types\/page"}],"author":[{"embeddable":true,"href":"https:\/\/www.calandreta-pamias.fr\/index.php?rest_route=\/wp\/v2\/users\/1"}],"replies":[{"embeddable":true,"href":"https:\/\/www.calandreta-pamias.fr\/index.php?rest_route=%2Fwp%2Fv2%2Fcomments&post=208"}],"version-history":[{"count":0,"href":"https:\/\/www.calandreta-pamias.fr\/index.php?rest_route=\/wp\/v2\/pages\/208\/revisions"}],"wp:attachment":[{"href":"https:\/\/www.calandreta-pamias.fr\/index.php?rest_route=%2Fwp%2Fv2%2Fmedia&parent=208"}],"curies":[{"name":"wp","href":"https:\/\/api.w.org\/{rel}","templated":true}]}}

L&rsquo;école Calandreta

<div class="wp-block-group alignfull"><div class="wp-block-group__inner-container is-layout-flow wp-block-group-is-layout-flow">
<div class="wp-block-jetpack-layout-grid alignfull column1-desktop-grid__span-12 column1-desktop-grid__row-1 column1-tablet-grid__span-8 column1-tablet-grid__row-1 column1-mobile-grid__span-4 column1-mobile-grid__row-1">
<div class="wp-block-jetpack-layout-grid-column wp-block-jetpack-layout-grid__padding-none">
<div class="wp-block-jetpack-slideshow aligncenter" data-effect="slide"><div class="wp-block-jetpack-slideshow_container swiper-container"><ul class="wp-block-jetpack-slideshow_swiper-wrapper swiper-wrapper"><li class="wp-block-jetpack-slideshow_slide swiper-slide"><figure><img decoding="async" alt="" class="wp-block-jetpack-slideshow_image wp-image-190" data-id="190" src="https://calandreta.sytes.net/wordpress/wp-content/uploads/2021/05/dsc00291-2-1.jpg" /></figure></li><li class="wp-block-jetpack-slideshow_slide swiper-slide"><figure><img decoding="async" alt="" class="wp-block-jetpack-slideshow_image wp-image-191" data-id="191" src="https://calandreta.sytes.net/wordpress/wp-content/uploads/2021/05/dsc00273-1-1.jpg" /></figure></li><li class="wp-block-jetpack-slideshow_slide swiper-slide"><figure><img decoding="async" alt="" class="wp-block-jetpack-slideshow_image wp-image-193" data-id="193" src="https://calandreta.sytes.net/wordpress/wp-content/uploads/2021/05/dsc00290-1-1.jpg" /></figure></li><li class="wp-block-jetpack-slideshow_slide swiper-slide"><figure><img decoding="async" alt="" class="wp-block-jetpack-slideshow_image wp-image-195" data-id="195" src="https://calandreta.sytes.net/wordpress/wp-content/uploads/2021/05/dsc00301-1-1.jpg" /></figure></li><li class="wp-block-jetpack-slideshow_slide swiper-slide"><figure><img decoding="async" alt="" class="wp-block-jetpack-slideshow_image wp-image-196" data-id="196" src="https://calandreta.sytes.net/wordpress/wp-content/uploads/2021/05/dsc00519-2-1.jpg" /></figure></li></ul><a class="wp-block-jetpack-slideshow_button-prev swiper-button-prev swiper-button-white" role="button"></a><a class="wp-block-jetpack-slideshow_button-next swiper-button-next swiper-button-white" role="button"></a><a aria-label="Pause Slideshow" class="wp-block-jetpack-slideshow_button-pause" role="button"></a><div class="wp-block-jetpack-slideshow_pagination swiper-pagination swiper-pagination-white"></div></div></div>
</div>
</div>
</div></div>



<div class="wp-block-group alignfull"><div class="wp-block-group__inner-container is-layout-flow wp-block-group-is-layout-flow">
<div style="height:32px;" aria-hidden="true" class="wp-block-spacer"></div>



<div class="wp-block-jetpack-layout-grid alignfull column1-desktop-grid__span-11 column1-desktop-grid__start-2 column1-desktop-grid__row-1 column1-tablet-grid__span-8 column1-tablet-grid__row-1 column1-mobile-grid__span-4 column1-mobile-grid__row-1">
<div class="wp-block-jetpack-layout-grid-column wp-block-jetpack-layout-grid__padding-none">
<p style="font-size:36px;">Visitez notre école, située aux abords de Pamiers, elle accueille actuellement 70 enfants, elle propose les infrastructures utiles à l&rsquo;épanouissement et à l&rsquo;acquisition des connaissances.</p>
</div>
</div>



<div style="height:64px;" aria-hidden="true" class="wp-block-spacer"></div>
</div></div>



<div class="wp-block-group alignfull"><div class="wp-block-group__inner-container is-layout-flow wp-block-group-is-layout-flow">
<div class="wp-block-jetpack-layout-grid alignfull column1-desktop-grid__span-10 column1-desktop-grid__start-3 column1-desktop-grid__row-1 column1-tablet-grid__span-8 column1-tablet-grid__row-1 column1-mobile-grid__span-4 column1-mobile-grid__row-1">
<div class="wp-block-jetpack-layout-grid-column wp-block-jetpack-layout-grid__padding-none">
<div class="wp-block-media-text alignwide is-stacked-on-mobile"><figure class="wp-block-media-text__media"><img decoding="async" src="https://calandreta.sytes.net/wordpress/wp-content/uploads/2021/05/dsc00363-1.jpg?w=750" alt="" class="wp-image-90 size-full" /></figure><div class="wp-block-media-text__content">
<p></p>



<p></p>



<p class="has-large-font-size"><strong>3 cycles d&rsquo;enseignement</strong></p>



<p>De la 1ère année de maternelle au CM2, l&rsquo;école accueille les enfants, répartis en 3 classes multiniveaux.<br>Les élèves ont classe 4 jours par semaine, de 9h00 à 12h00 et de 13h45 à 16h45.</p>



<div class="wp-block-buttons is-layout-flex wp-block-buttons-is-layout-flex"></div>
</div></div>
</div>
</div>



<div style="height:64px;" aria-hidden="true" class="wp-block-spacer"></div>
</div></div>



<div class="wp-block-group alignfull"><div class="wp-block-group__inner-container is-layout-flow wp-block-group-is-layout-flow">
<div class="wp-block-jetpack-layout-grid alignfull column1-desktop-grid__span-10 column1-desktop-grid__start-3 column1-desktop-grid__row-1 column1-tablet-grid__span-8 column1-tablet-grid__row-1 column1-mobile-grid__span-4 column1-mobile-grid__row-1">
<div class="wp-block-jetpack-layout-grid-column wp-block-jetpack-layout-grid__padding-none">
<div class="wp-block-media-text alignwide has-media-on-the-right is-stacked-on-mobile" style="grid-template-columns:auto 56%;"><figure class="wp-block-media-text__media"><img decoding="async" src="https://calandreta.sytes.net/wordpress/wp-content/uploads/2021/05/dsc00464-1.jpg?w=750" alt="" class="wp-image-96 size-full" /></figure><div class="wp-block-media-text__content">
<p class="has-large-font-size"><strong>L&rsquo;accueil éducatif</strong></p>



<p>La garderie est ouverte de 07h30 à 09h00, avant le démarrage de la classe. <br>Le soir, les enfants sont accompagnés entre jeux et activités, de 16h45 jusqu&rsquo;à 18h30.<br>Les temps périscolaires sont tenus par des animatrices.</p>



<div class="wp-block-buttons is-layout-flex wp-block-buttons-is-layout-flex"></div>
</div></div>
</div>
</div>



<div style="height:64px;" aria-hidden="true" class="wp-block-spacer"></div>
</div></div>



<div class="wp-block-group alignfull"><div class="wp-block-group__inner-container is-layout-flow wp-block-group-is-layout-flow">
<div class="wp-block-jetpack-layout-grid alignfull column1-desktop-grid__span-10 column1-desktop-grid__start-3 column1-desktop-grid__row-1 column1-tablet-grid__span-8 column1-tablet-grid__row-1 column1-mobile-grid__span-4 column1-mobile-grid__row-1">
<div class="wp-block-jetpack-layout-grid-column wp-block-jetpack-layout-grid__padding-none">
<div style="height:20px;" aria-hidden="true" class="wp-block-spacer"></div>



<div class="wp-block-media-text alignwide is-stacked-on-mobile"><figure class="wp-block-media-text__media"><img decoding="async" src="https://calandreta.sytes.net/wordpress/wp-content/uploads/2021/05/dsc00308-1-1.jpg?w=750" alt="" class="wp-image-173 size-full" /></figure><div class="wp-block-media-text__content">
<p class="has-large-font-size"><strong>Les programmes scolaires</strong></p>



<p>La Calandreta est une école occitane, associative, privée sous contrat avec l’État. Elle est laïque et assure un service public d’éducation. Elle est gérée par une association loi 1901. Elle suit les programmes de l’Education Nationale. Elle utilise une méthode en immersion linguistique, dès la maternelle. Elle utilise des pédagogies actives privilégiant l’ouverture sur l’extérieur, la responsabilité et l’autonomie des élèves.</p>
</div></div>



<p></p>
</div>
</div>



<div style="height:96px;" aria-hidden="true" class="wp-block-spacer"></div>
</div></div>



<div class="wp-block-group alignfull has-background-light-background-color has-background"><div class="wp-block-group__inner-container is-layout-flow wp-block-group-is-layout-flow">
<div style="height:32px;" aria-hidden="true" class="wp-block-spacer"></div>
</div></div>
